71
What are the prime factors of 2136?
2, 3, 89
List the prime factors of 403.
13, 31
List the prime factors of 5072.
2, 317
List the prime factors of 15323.
7, 11, 199
List the prime factors of 1920.
2, 3, 5
List the prime factors of 18107.
19, 953
List the prime factors of 28740.
2, 3, 5, 479
List the prime factors of 4202.
2, 11, 191
List the prime factors of 1313.
13, 101
What are the prime factors of 2475?
3, 5, 11
List the prime factors of 1951.
1951
List the prime factors of 1113.
3, 7, 53
List the prime factors of 3226.
2, 1613
List the prime factors of 91154.
2, 7, 17, 383
What are the prime factors of 2295?
3, 5, 17
What are the prime factors of 1239?
3, 7, 59
What are the prime factors of 5817?
3, 7, 277
List the prime factors of 3871.
7, 79
What are the prime factors of 628?
2, 157
What are the prime factors of 1051?
1051
List the prime factors of 238.
2, 7, 17
What are the prime factors of 1022?
2, 7, 73
What are the prime factors of 1221?
3, 11, 37
List the prime factors of 71499.
3, 23833
What are the prime factors of 29166?
2, 3, 4861
What are the prime factors of 1920?
2, 3, 5
What are the prime factors of 4544?
2, 71
What are the prime factors of 28875?
3, 5, 7, 11
What are the prime factors of 25297?
41, 617
List the prime factors of 35772.
2, 3, 11, 271
List the prime factors of 13914.
2, 3, 773
List the prime factors of 1277.
1277
List the prime factors of 1649.
17, 97
List the prime factors of 661.
661
List the prime factors of 1836.
2, 3, 17
What are the prime factors of 82123?
41, 2003
What are the prime factors of 1260?
2, 3, 5, 7
List the prime factors of 7163.
13, 19, 29
List the prime factors of 15071.
7, 2153
What are the prime factors of 2067?
3, 13, 53
List the prime factors of 9302.
2, 4651
What are the prime factors of 883?
883
List the prime factors of 551.
19, 29
List the prime factors of 2401.
7
List the prime factors of 7082.
2, 3541
List the prime factors of 1354.
2, 677
List the prime factors of 63724.
2, 89, 179
List the prime factors of 53175.
3, 5, 709
List the prime factors of 1202.
2, 601
List the prime factors of 277.
277
List the prime factors of 29948.
2, 7487
What are the prime factors of 14334?
2, 3, 2389
List the prime factors of 4663.
4663
What are the prime factors of 1663?
1663
What are the prime factors of 87691?
87691
List the prime factors of 304.
2, 19
List the prime factors of 37971.
3, 4219
What are the prime factors of 36705?
3, 5, 2447
List the prime factors of 5465.
5, 1093
What are the prime factors of 1143?
3, 127
What are the prime factors of 3228?
2, 3, 269
What are the prime factors of 13320?
2, 3, 5, 37
List the prime factors of 8454.
2, 3, 1409
List the prime factors of 7831.
41, 191
List the prime factors of 16281.
3, 67
List the prime factors of 2178.
2, 3, 11
List the prime factors of 6704.
2, 419
List the prime factors of 19531.
19531
List the prime factors of 5155.
5, 1031
What are the prime factors of 59711?
29, 71
List the prime factors of 5414.
2, 2707
List the prime factors of 2910.
2, 3, 5, 97
List the prime factors of 121088.
2, 11, 43
What are the prime factors of 93216?
2, 3, 971
List the prime factors of 2358.
2, 3, 131
What are the prime factors of 511?
7, 73
List the prime factors of 682.
2, 11, 31
List the prime factors of 3879.
3, 431
List the prime factors of 1205.
5, 241
What are the prime factors of 12076?
2, 3019
What are the prime factors of 4106?
2, 2053
List the prime factors of 2914.
2, 31, 47
What are the prime factors of 29543?
31, 953
List the prime factors of 19675.
5, 787
List the prime factors of 393.
3, 131
List the prime factors of 24335.
5, 31, 157
List the prime factors of 50558.
2, 17, 1487
List the prime factors of 21868.
2, 7, 11, 71
List the prime factors of 15422.
2, 11, 701
What are the prime factors of 8207?
29, 283
List the prime factors of 2630.
2, 5, 263
What are the prime factors of 6862?
2, 47, 73
What are the prime factors of 8656?
2, 541
List the prime factors of 363.
3, 11
What are the prime factors of 12765?
3, 5, 23, 37
What are the prime factors of 1039?
1039
List the prime factors of 125617.
125617
List the prime factors of 95.
5, 19
List the prime factors of 3248.
2, 7, 29
List the prime factors of 19931.
19, 1049
List the prime factors of 5006.
2, 2503
List the prime factors of 7491.
3, 11, 227
What are the prime factors of 7644?
2, 3, 7, 13
List the prime factors of 2146.
2, 29, 37
List the prime factors of 77826.
2, 3, 7, 17, 109
List the prime factors of 850.
2, 5, 17
List the prime factors of 848.
2, 53
What are the prime factors of 2290?
2, 5, 229
List the prime factors of 33536.
2, 131
List the prime factors of 1502.
2, 751
List the prime factors of 62135.
5, 17, 43
List the prime factors of 992.
2, 31
List the prime factors of 56552.
2, 7069
What are the prime factors of 1467?
3, 163
List the prime factors of 44927.
44927
List the prime factors of 4596.
2, 3, 383
List the prime factors of 35351.
23, 29, 53
List the prime factors of 1204.
2, 7, 43
What are the prime factors of 107770?
2, 5, 13, 829
List the prime factors of 20857.
20857
What are the prime factors of 223?
223
What are the prime factors of 431?
431
What are the prime factors of 78224?
2, 4889
What are the prime factors of 426?
2, 3, 71
What are the prime factors of 391?
17, 23
List the prime factors of 3429.
3, 127
List the prime factors of 496.
2, 31
List the prime factors of 550.
2, 5, 11
List the prime factors of 2474.
2, 1237
List the prime factors of 27827.
27827
What are the prime factors of 1297?
1297
List the prime factors of 39041.
39041
List the prime factors of 1180.
2, 5, 59
List the prime factors of 2516.
2, 17, 37
What are the prime factors of 114?
2, 3, 19
List the prime factors of 653.
653
List the prime factors of 1954.
2, 977
What are the prime factors of 6411?
3, 2137
List the prime factors of 144256.
2, 7, 23
List the prime factors of 624.
2, 3, 13
What are the prime factors of 1974?
2, 3, 7, 47
List the prime factors of 45300.
2, 3, 5, 151
What are the prime factors of 1188?
2, 3, 11
List the prime factors of 450.
2, 3, 5
What are the prime factors of 182?
2, 7, 13
What are the prime factors of 907?
907
What are the prime factors of 9292?
2, 23, 101
List the prime factors of 7497.
3, 7, 17
What are the prime factors of 38728?
2, 47, 103
List the prime factors of 2239.
2239
What are the prime factors of 784?
2, 7
List the prime factors of 348.
2, 3, 29
List the prime factors of 39589.
11, 59, 61
List the prime factors of 41434.
2, 20717
List the prime factors of 4978.
2, 19, 131
List the prime factors of 3581.
3581
What are the prime factors of 25594?
2, 67, 191
What are the prime factors of 733?
733
List the prime factors of 30736.
2, 17, 113
List the prime factors of 79448.
2, 9931
List the prime factors of 241.
241
List the prime factors of 7567.
7, 23, 47
List the prime factors of 713.
23, 31
List the prime factors of 12241.
12241
What are the prime factors of 387?
3, 43
What are the prime factors of 208?
2, 13
What are the prime factors of 220?
2, 5, 11
List the prime factors of 9633.
3, 13, 19
What are the prime factors of 1106?
2, 7, 79
What are the prime factors of 1347?
3, 449
What are the prime factors of 31587?
3, 10529
List the prime factors of 33757.
33757
List the prime factors of 6191.
41, 151
List the prime factors of 12860.
2, 5, 643
List the prime factors of 22888.
2, 2861
List the prime factors of 665.
5, 7, 19
List the prime factors of 64108.
2, 11, 31, 47
List the prime factors of 25479.
3, 19, 149
List the prime factors of 1742.
2, 13, 67
What are the prime factors of 120657?
3, 37, 1087
List the prime factors of 21899.
61, 359
What are the prime factors of 489?
3, 163
List the prime factors of 1006.
2, 503
What are the prime factors of 2568?
2, 3, 107
What are the prime factors of 66437?
7, 9491
What are the prime factors of 59250?
2, 3, 5, 79
List the prime factors of 565.
5, 113
List the prime factors of 13619.
13619
List the prime factors of 650.
2, 5, 13
List the prime factors of 37258.
2, 13, 1433
List the prime factors of 11318.
2, 5659
List the prime factors of 21605.
5, 29, 149
What are the prime factors of 29042?
2, 13, 1117
What are the prime factors of 2996?
2, 7, 107
List the prime factors 